{"id":13,"date":"2014-03-05T18:04:19","date_gmt":"2014-03-05T17:04:19","guid":{"rendered":"http:\/\/dxkop.sdxf.se\/?page_id=13"},"modified":"2016-10-23T15:48:12","modified_gmt":"2016-10-23T13:48:12","slug":"frakt-returer","status":"publish","type":"page","link":"https:\/\/dxkop.sdxf.se\/?page_id=13","title":{"rendered":"Frakt &#038; Returer"},"content":{"rendered":"<p><span style=\"color: #000000;\">Moms, frakt och emballage \u00e4r alltid inr\u00e4knade i priset! G\u00e4llande leverans inom Sverige. N\u00e4r det g\u00e4ller utlandet kontakta oss f\u00f6r att f\u00e5 information ang\u00e5ende till\u00e4gg porto.<\/span><\/p>\n<p><span style=\"color: #000000;\">Porto f\u00f6r eventuella \u00e5ngerreturer betalas av kunden.<\/span><\/p>\n<p><span style=\"color: #000000;\">Vid skadad vara skall anm\u00e4lan g\u00f6ras till postens utl\u00e4mningsst\u00e4lle vid h\u00e4mtningen.<\/span><\/p>\n","protected":false},"excerpt":{"rendered":"<p>Moms, frakt och emballage \u00e4r alltid inr\u00e4knade i priset! G\u00e4llande leverans inom Sverige. N\u00e4r det g\u00e4ller utlandet kontakta oss f\u00f6r att f\u00e5 information ang\u00e5ende till\u00e4gg porto. Porto f\u00f6r eventuella \u00e5ngerreturer betalas av kunden. Vid skadad vara skall anm\u00e4lan g\u00f6ras till &hellip; <a class=\"more-link\" href=\"https:\/\/dxkop.sdxf.se\/?page_id=13\">L\u00e4s mer <span class=\"meta-nav\">&rarr;<\/span><\/a><\/p>\n","protected":false},"author":2,"featured_media":0,"parent":11,"menu_order":0,"comment_status":"closed","ping_status":"open","template":"","meta":{"footnotes":""},"class_list":["post-13","page","type-page","status-publish","hentry"],"jetpack_sharing_enabled":true,"_links":{"self":[{"href":"https:\/\/dxkop.sdxf.se\/index.php?rest_route=\/wp\/v2\/pages\/13","targetHints":{"allow":["GET"]}}],"collection":[{"href":"https:\/\/dxkop.sdxf.se\/index.php?rest_route=\/wp\/v2\/pages"}],"about":[{"href":"https:\/\/dxkop.sdxf.se\/index.php?rest_route=\/wp\/v2\/types\/page"}],"author":[{"embeddable":true,"href":"https:\/\/dxkop.sdxf.se\/index.php?rest_route=\/wp\/v2\/users\/2"}],"replies":[{"embeddable":true,"href":"https:\/\/dxkop.sdxf.se\/index.php?rest_route=%2Fwp%2Fv2%2Fcomments&post=13"}],"version-history":[{"count":3,"href":"https:\/\/dxkop.sdxf.se\/index.php?rest_route=\/wp\/v2\/pages\/13\/revisions"}],"predecessor-version":[{"id":1312,"href":"https:\/\/dxkop.sdxf.se\/index.php?rest_route=\/wp\/v2\/pages\/13\/revisions\/1312"}],"up":[{"embeddable":true,"href":"https:\/\/dxkop.sdxf.se\/index.php?rest_route=\/wp\/v2\/pages\/11"}],"wp:attachment":[{"href":"https:\/\/dxkop.sdxf.se\/index.php?rest_route=%2Fwp%2Fv2%2Fmedia&parent=13"}],"curies":[{"name":"wp","href":"https:\/\/api.w.org\/{rel}","templated":true}]}}