{"id":10121,"date":"2024-03-04T19:56:42","date_gmt":"2024-03-04T18:56:42","guid":{"rendered":"https:\/\/dxkop.sdxf.se\/?post_type=product&#038;p=10121"},"modified":"2024-03-04T19:56:42","modified_gmt":"2024-03-04T18:56:42","slug":"radio-caroline-on-the-air-voices-on-the-air","status":"publish","type":"product","link":"https:\/\/dxkop.sdxf.se\/?product=radio-caroline-on-the-air-voices-on-the-air","title":{"rendered":"Radio Caroline &#8211; on the air: voices on the air"},"content":{"rendered":"<div class=\"a-expander-content a-expander-partial-collapse-content a-expander-content-expanded\" aria-expanded=\"true\"><span>En lista \u00f6ver de hundratals r\u00f6ster som h\u00f6rts p\u00e5 Radio Caroline med fyra distinkta epoker sedan hennes lansering p\u00e5 p\u00e5sken 1964 som\u00a0<\/span><span class=\"a-text-italic\"><span>Storbritanniens f\u00f6rsta heldagsmusikstation\u00a0<\/span><\/span><span>.<\/span><\/p>\n<p><span>Efter sina sextiotalsframg\u00e5ngar som\u00a0<\/span><span class=\"a-text-italic\"><span>Sound of the Nation\u00a0<\/span><\/span><span>metamorfoserade hon p\u00e5 sjuttiotalet till att vara\u00a0<\/span><span class=\"a-text-italic\"><span>Europas f\u00f6rsta och enda albumstation,\u00a0<\/span><\/span><span>och blandade alternativ musik med budskap om hopp och fred.\u00a0Efter att MV Mi Amigo sj\u00f6nk 1980, fortsatte ett ers\u00e4ttningsfartyg p\u00e5 samma arbete tills hon var tvungen att b\u00e4rgas fr\u00e5n det \u00f6k\u00e4nda Goodwin Sands 1991. Nu en laglig och licensierad station i land, har Caroline utvecklats till ett n\u00e4tverk med fyra stationer av alternativ musik f\u00f6r de brittiska \u00f6arna.<\/span><\/p>\n<p><span>Radio Caroline har varit en ledstj\u00e4rna p\u00e5 mellanv\u00e5gsbandet i sex decennier nu, f\u00f6r dem som s\u00f6ker ett alternativ till statligt kontrollerade s\u00e4ndningar.\u00a0Hennes f\u00f6rt\u00f6jningar i internationella vatten gjorde det m\u00f6jligt f\u00f6r henne att operera utan statliga regler och f\u00f6rordningar.\u00a0Nu opererar hon lagligt fr\u00e5n landbaser under licens, men erbjuder fortfarande ett alternativ till vanliga s\u00e4ndningar.<\/span><\/p>\n<p><span>Boken beskriver Radio Caroline-ber\u00e4ttelsen och listar alla dess m\u00e5nga programv\u00e4rdar och programledare, DJ:s och stj\u00e4rnorna, i alla fyra epoker av hennes liv, s\u00e5v\u00e4l som de mindre k\u00e4nda namnen.\u00a0M\u00e5nga av dessa modiga unga m\u00e4n fortsatte med att hitta ber\u00f6mmelse och rikedom p\u00e5 andra medier p\u00e5 andra h\u00e5ll och f\u00f6re detta karoliner finns \u00f6ver hela v\u00e4rlden.\u00a0De minns alltid med stor tillgivenhet kickstarten till deras mediekarri\u00e4rer p\u00e5 Radio Caroline.<\/span><\/div>\n<div class=\"a-expander-header a-expander-partial-collapse-header\"><\/div>\n<div>F\u00f6rfattare:\u00a0<span class=\"author notFaded\" style=\"color: #000000;\" data-width=\"\"> <a class=\"a-link-normal\" style=\"color: #000000;\" href=\"https:\/\/www.amazon.se\/s\/ref=dp_byline_sr_book_1?ie=UTF8&amp;field-author=Paul+Rusling&amp;search-alias=books\">Paul Rusling<\/a><\/span><\/div>\n<div>Sidantal: 82<\/div>\n<div>Spr\u00e5k: Engelska<\/div>\n<div>\n<div id=\"rpi-attribute-book_details-publication_date\" class=\"a-section rpi-attribute-content\">\n<div class=\"a-section a-spacing-small a-text-center rpi-attribute-label\">Publiceringsdatum <span>13 september 2022<\/span><\/div>\n<\/div>\n<div id=\"rpi-attribute-book_details-isbn10\" class=\"a-section rpi-attribute-content\">\n<div class=\"a-section a-spacing-small a-text-center rpi-attribute-label\"><\/div>\n<\/div>\n<\/div>\n","protected":false},"excerpt":{"rendered":"<p>En lista \u00f6ver de hundratals r\u00f6ster som h\u00f6rts p\u00e5 Radio Caroline med fyra distinkta epoker sedan hennes lansering p\u00e5 p\u00e5sken 1964 som\u00a0Storbritanniens f\u00f6rsta heldagsmusikstation\u00a0. Efter sina sextiotalsframg\u00e5ngar som\u00a0Sound of the Nation\u00a0metamorfoserade hon p\u00e5 sjuttiotalet till att vara\u00a0Europas f\u00f6rsta och enda &hellip; <a class=\"more-link\" href=\"https:\/\/dxkop.sdxf.se\/?product=radio-caroline-on-the-air-voices-on-the-air\">L\u00e4s mer <span class=\"meta-nav\">&rarr;<\/span><\/a><\/p>\n","protected":false},"featured_media":10122,"template":"","meta":[],"product_brand":[],"product_cat":[13,18],"product_tag":[],"class_list":{"0":"post-10121","1":"product","2":"type-product","3":"status-publish","4":"has-post-thumbnail","6":"product_cat-bocker","7":"product_cat-pirater","9":"first","10":"instock","11":"shipping-taxable","12":"purchasable","13":"product-type-simple"},"jetpack_sharing_enabled":true,"_links":{"self":[{"href":"https:\/\/dxkop.sdxf.se\/index.php?rest_route=\/wp\/v2\/product\/10121","targetHints":{"allow":["GET"]}}],"collection":[{"href":"https:\/\/dxkop.sdxf.se\/index.php?rest_route=\/wp\/v2\/product"}],"about":[{"href":"https:\/\/dxkop.sdxf.se\/index.php?rest_route=\/wp\/v2\/types\/product"}],"wp:featuredmedia":[{"embeddable":true,"href":"https:\/\/dxkop.sdxf.se\/index.php?rest_route=\/wp\/v2\/media\/10122"}],"wp:attachment":[{"href":"https:\/\/dxkop.sdxf.se\/index.php?rest_route=%2Fwp%2Fv2%2Fmedia&parent=10121"}],"wp:term":[{"taxonomy":"product_brand","embeddable":true,"href":"https:\/\/dxkop.sdxf.se\/index.php?rest_route=%2Fwp%2Fv2%2Fproduct_brand&post=10121"},{"taxonomy":"product_cat","embeddable":true,"href":"https:\/\/dxkop.sdxf.se\/index.php?rest_route=%2Fwp%2Fv2%2Fproduct_cat&post=10121"},{"taxonomy":"product_tag","embeddable":true,"href":"https:\/\/dxkop.sdxf.se\/index.php?rest_route=%2Fwp%2Fv2%2Fproduct_tag&post=10121"}],"curies":[{"name":"wp","href":"https:\/\/api.w.org\/{rel}","templated":true}]}}