{"id":10172,"date":"2024-07-22T20:46:16","date_gmt":"2024-07-22T18:46:16","guid":{"rendered":"https:\/\/dxkop.sdxf.se\/?post_type=product&#038;p=10172"},"modified":"2024-07-26T10:06:01","modified_gmt":"2024-07-26T08:06:01","slug":"sdxf-kit-2","status":"publish","type":"product","link":"https:\/\/dxkop.sdxf.se\/?product=sdxf-kit-2","title":{"rendered":"SDXF-kit 1 &#8211; M"},"content":{"rendered":"<p>St\u00f6d Sveriges DX-F\u00f6rbund genom att k\u00f6pa en fin Pik\u00e9tr\u00f6ja storlek M + en v\u00e4ska samt en SDXF-pins.<\/p>\n","protected":false},"excerpt":{"rendered":"<p>St\u00f6d Sveriges DX-F\u00f6rbund genom att k\u00f6pa en fin Pik\u00e9tr\u00f6ja storlek M + en v\u00e4ska samt en SDXF-pins.<\/p>\n","protected":false},"featured_media":10173,"template":"","meta":[],"product_brand":[],"product_cat":[23],"product_tag":[],"class_list":{"0":"post-10172","1":"product","2":"type-product","3":"status-publish","4":"has-post-thumbnail","6":"product_cat-produkter","8":"first","9":"instock","10":"shipping-taxable","11":"purchasable","12":"product-type-simple"},"jetpack_sharing_enabled":true,"_links":{"self":[{"href":"https:\/\/dxkop.sdxf.se\/index.php?rest_route=\/wp\/v2\/product\/10172","targetHints":{"allow":["GET"]}}],"collection":[{"href":"https:\/\/dxkop.sdxf.se\/index.php?rest_route=\/wp\/v2\/product"}],"about":[{"href":"https:\/\/dxkop.sdxf.se\/index.php?rest_route=\/wp\/v2\/types\/product"}],"wp:featuredmedia":[{"embeddable":true,"href":"https:\/\/dxkop.sdxf.se\/index.php?rest_route=\/wp\/v2\/media\/10173"}],"wp:attachment":[{"href":"https:\/\/dxkop.sdxf.se\/index.php?rest_route=%2Fwp%2Fv2%2Fmedia&parent=10172"}],"wp:term":[{"taxonomy":"product_brand","embeddable":true,"href":"https:\/\/dxkop.sdxf.se\/index.php?rest_route=%2Fwp%2Fv2%2Fproduct_brand&post=10172"},{"taxonomy":"product_cat","embeddable":true,"href":"https:\/\/dxkop.sdxf.se\/index.php?rest_route=%2Fwp%2Fv2%2Fproduct_cat&post=10172"},{"taxonomy":"product_tag","embeddable":true,"href":"https:\/\/dxkop.sdxf.se\/index.php?rest_route=%2Fwp%2Fv2%2Fproduct_tag&post=10172"}],"curies":[{"name":"wp","href":"https:\/\/api.w.org\/{rel}","templated":true}]}}