{"id":446,"date":"2024-07-24T10:41:53","date_gmt":"2024-07-24T08:41:53","guid":{"rendered":"http:\/\/dxkop.sdxf.se\/?post_type=product&#038;p=446"},"modified":"2025-03-25T17:51:08","modified_gmt":"2025-03-25T16:51:08","slug":"radio-nord-radio-syd-topplatarna-fran-1961-1962","status":"publish","type":"product","link":"https:\/\/dxkop.sdxf.se\/?product=radio-nord-radio-syd-topplatarna-fran-1961-1962","title":{"rendered":"Radio Nord &#038; Radio Syd Toppl\u00e5tarna fr\u00e5n 1961-1962"},"content":{"rendered":"<p>Lyssna p\u00e5 musiken fr\u00e5n piratstationerna! Med Radio Nord och Radio Syd kom topplistorna till Sverige. Ungdomarna fick \u00e4ntligen lyssna p\u00e5 idolerna fr\u00e5n England och USA. Och unga svenska artister tog upp kampen med de utl\u00e4ndska stj\u00e4rnorna. F\u00f6r f\u00f6rsta g\u00e5ngen blev popmusiken tillg\u00e4nglig f\u00f6r en st\u00f6rre publik. Efter detta fanns det ingen v\u00e4g tillbaka&#8230;<\/p>\n<p>Det b\u00e4sta fr\u00e5n piratradiostationerna finns nu p\u00e5 denna dubbel-CD. H\u00e4r finns ocks\u00e5 ett 35-tal jinglar och n\u00e5gra klassiska reklaminslag.<\/p>\n<p>Dubbel-CD:n inneh\u00e5ller 44 l\u00e5tar med bl.a. Lill-Babs, Little Gerhard, Jay Epae, Fats Domino, Ray Adams, Elvis Presley, Siw Malmkvist, Linda Scott, m.fl.<\/p>\n<p><b><i>Ett fullsp\u00e4ckat dubbel-album med 44 av de popul\u00e4raste l\u00e5tarna fr\u00e5n radiostationerna:<\/i><\/b><\/p>\n<p><b><i>18 nostalgi-jinglar och reklam fr\u00e5n Radio Nord och 17 jinglar fr\u00e5n Radio Syd.<\/i><\/b><\/p>\n<p>&nbsp;<\/p>\n<p>L\u00c5TLISTAN<\/p>\n<p>1. Jay Epae &#8211; Putti putti<\/p>\n<p>2. Lolita &#8211; Seeman<\/p>\n<p>3. Pat Boone &#8211; Johnny Will<\/p>\n<p>4. J\u00f6rgen Ingmann &#8211; Pepe<\/p>\n<p>5. Ping Ping &#8211; Sucu suvu<\/p>\n<p>6. Damita Jo &#8211; Do what you want<\/p>\n<p>7. Alberto Cortez &#8211; O Monica<\/p>\n<p>8. Elvis Presley &#8211; Surrender<\/p>\n<p>9. Clarence Frogman Henry &#8211; I don&#8217;t know why but I do<\/p>\n<p>10. Cliff Richard &#8211; A girl like you<\/p>\n<p>11. Little Gerhard &#8211; Petter och Frida<\/p>\n<p>12. Cousins &#8211; Kili-watch<\/p>\n<p>13. Marcels &#8211; My melancholy baby<\/p>\n<p>14. Fats Domino &#8211; Let the four winds blow<\/p>\n<p>15. Jack Ross &#8211; Happy Jos\u00e9 (Ching ching)<\/p>\n<p>16. Anita Lindblom &#8211; Charlie<\/p>\n<p>17. Paul Anka &#8211; Love me warm and tender<\/p>\n<p>18. Shadows &#8211; Shadoogie<\/p>\n<p>19. James Darren &#8211; Goodbye cruel world<\/p>\n<p>20. Frankie Laine &#8211; Rawhide<\/p>\n<p>21. Ray Conniff &#8211; &#8217;s wonderful<\/p>\n<p>22. Monica Zetterlund &#8211; Stick iv\u00e4g Jack (Bonus track)<\/p>\n<p>23. Edan Kane &#8211; Well I ask you<\/p>\n<p>24. Allisons &#8211; Are you sure<\/p>\n<p>25. Bobby Darin &#8211; Multiplication<\/p>\n<p>26. Floyd Cramer &#8211; Chattanooga choo choo<\/p>\n<p>27. Ray Adams &#8211; Soria Moria<\/p>\n<p>28. Lill-Babs &#8211; Amore amore amore<\/p>\n<p>29. John D Loudermilk &#8211; Language of love<\/p>\n<p>30. Bob Moore &#8211; Mexico<\/p>\n<p>31. Jimmy Justice &#8211; When my little girl is smiling<\/p>\n<p>32. Helen Shapiro &#8211; Walking back to happiness<\/p>\n<p>33. Andy Williams &#8211; Bilbao song<\/p>\n<p>34. Ann-Louise Hanson &#8211; De&#8217; man inte f\u00e5r<\/p>\n<p>35. Bobby Vee &#8211; Run to him<\/p>\n<p>36. Clyde Mc Phatter &#8211; Lover please<\/p>\n<p>37. Conny Froboess &#8211; Zwei kleine italiener<\/p>\n<p>38. Siw Malmkvist &#8211; Bortom bergen<\/p>\n<p>39. Buzz Clifford &#8211; Baby sittin&#8217; boogie<\/p>\n<p>40. Johnny Horton &#8211; North to Alaska<\/p>\n<p>41. Leroy Van Dyke &#8211; Walk on by<\/p>\n<p>42. John Barry Seven Plus Four &#8211; Hit and miss<\/p>\n<p>43. Otto Brandenburg &#8211; Hello Mr Twist<\/p>\n<p>44. Chrichan &#8211; Viva Britt Wadner (Bonus track)<\/p>\n","protected":false},"excerpt":{"rendered":"<p>Lyssna p\u00e5 musiken fr\u00e5n piratstationerna! Med Radio Nord och Radio Syd kom topplistorna till Sverige. Ungdomarna fick \u00e4ntligen lyssna p\u00e5 idolerna fr\u00e5n England och USA. Och unga svenska artister tog upp kampen med de utl\u00e4ndska stj\u00e4rnorna. F\u00f6r f\u00f6rsta g\u00e5ngen blev &hellip; <a class=\"more-link\" href=\"https:\/\/dxkop.sdxf.se\/?product=radio-nord-radio-syd-topplatarna-fran-1961-1962\">L\u00e4s mer <span class=\"meta-nav\">&rarr;<\/span><\/a><\/p>\n","protected":false},"featured_media":447,"template":"","meta":[],"product_brand":[],"product_cat":[26],"product_tag":[],"class_list":{"0":"post-446","1":"product","2":"type-product","3":"status-publish","4":"has-post-thumbnail","6":"product_cat-skivor","8":"first","9":"instock","10":"shipping-taxable","11":"purchasable","12":"product-type-simple"},"jetpack_sharing_enabled":true,"_links":{"self":[{"href":"https:\/\/dxkop.sdxf.se\/index.php?rest_route=\/wp\/v2\/product\/446","targetHints":{"allow":["GET"]}}],"collection":[{"href":"https:\/\/dxkop.sdxf.se\/index.php?rest_route=\/wp\/v2\/product"}],"about":[{"href":"https:\/\/dxkop.sdxf.se\/index.php?rest_route=\/wp\/v2\/types\/product"}],"wp:featuredmedia":[{"embeddable":true,"href":"https:\/\/dxkop.sdxf.se\/index.php?rest_route=\/wp\/v2\/media\/447"}],"wp:attachment":[{"href":"https:\/\/dxkop.sdxf.se\/index.php?rest_route=%2Fwp%2Fv2%2Fmedia&parent=446"}],"wp:term":[{"taxonomy":"product_brand","embeddable":true,"href":"https:\/\/dxkop.sdxf.se\/index.php?rest_route=%2Fwp%2Fv2%2Fproduct_brand&post=446"},{"taxonomy":"product_cat","embeddable":true,"href":"https:\/\/dxkop.sdxf.se\/index.php?rest_route=%2Fwp%2Fv2%2Fproduct_cat&post=446"},{"taxonomy":"product_tag","embeddable":true,"href":"https:\/\/dxkop.sdxf.se\/index.php?rest_route=%2Fwp%2Fv2%2Fproduct_tag&post=446"}],"curies":[{"name":"wp","href":"https:\/\/api.w.org\/{rel}","templated":true}]}}