{"id":98,"date":"2014-03-06T21:17:51","date_gmt":"2014-03-06T20:17:51","guid":{"rendered":"http:\/\/dxkop.sdxf.se\/?post_type=product&#038;p=98"},"modified":"2023-04-16T10:17:56","modified_gmt":"2023-04-16T08:17:56","slug":"minnesboxen-1957","status":"publish","type":"product","link":"https:\/\/dxkop.sdxf.se\/?product=minnesboxen-1957","title":{"rendered":"Minnesboxen 1957"},"content":{"rendered":"<p>Unika inspelningar fr\u00e5n Sveriges Radios arkiv. Musik i original. Speltid: cirka 77 minuter.<\/p>\n<p>Presentat\u00f6rer: Kaj Karlholm &amp; Marika Rennerfelt.<\/p>\n<p>Ur inneh\u00e5llet:<\/p>\n<p>1. \u00c5rets ljud kommer fr\u00e5n rymden. \u00c5ret i sammandrag.<\/p>\n<p>2. Sovjet chockar v\u00e4rlden. Sputnik I kretsar runt jorden!<\/p>\n<p>3. Great Balls of Fire (Jerry Lee Lewis).<\/p>\n<p>4. \u00c4nnu en sovjetisk satellit i rymden &#8211; Sputnik II. Sven Vallmark f\u00f6ljer Moskvaradion.<\/p>\n<p>5. Banana Boat Song (Harry Belafonte).<\/p>\n<p>6. Sverige v\u00e4rldsm\u00e4stare i ishockey i Moskva.<\/p>\n<p>7. F\u00f6rsta TV-succ\u00e9n: &#8221;Kvitt eller dubbelt&#8221;. Nils Erik Baehrendtz, Ulf &#8221;Hajen&#8221; Hannerz och &#8221;slamkryparen&#8221;.<\/p>\n<p>8. Tutti Frutti (Elvis Presley).<\/p>\n<p>9. Singing the Blues (Tommy Steele).<\/p>\n<p>10. Landets skolbarn vaccineras mot polio. Bengt Feldreich f\u00f6ljer den f\u00f6rsta injektionsn\u00e5len.<\/p>\n<p>11. Inga kvinnliga pr\u00e4ster! Kyrkom\u00f6tet, med bl a biskop Bo Giertz, f\u00f6rkastar regeringens f\u00f6rslag.<\/p>\n<p>12. True Love (Bing Crosby och Grace Kelly).<\/p>\n<p>13. &#8221;Det sjunde inseglet&#8221; ger Ingmar Bergman internationellt filmpris.<\/p>\n<p>14. Sv\u00e5r rasolycka utanf\u00f6r Lilla Edet. Reporter: Bengt Bedrup.<\/p>\n<p>15. Rasoroligheter i USA. Arne Thor\u00e9n rapporterar.<\/p>\n<p>16. America ur &#8221;West Side Story&#8221; &#8211; \u00e5rets musikal p\u00e5 Broadway.<\/p>\n<p>17. SAS inviger flyglinje via Nordpolen. P\u00e5 Kastrup: Ekots Per Persson.<\/p>\n<p>18. Tunnelbanen\u00e4tet i Stockholm utvidgas. Fr\u00e5n invigningen: Berndt Friberg.<\/p>\n<p>19. Just Walkin\u00b4 in the Rain (Johnnie Ray). Radiosucc\u00e9er:<\/p>\n<p>20. &#8211; &#8221;Pappa Pekkas Kapps\u00e4ck&#8221; med Pekka Langer.<\/p>\n<p>21. &#8211; &#8221;Alla mot alla&#8221; med Lennart Hyland.<\/p>\n<p>22. &#8211; &#8221;Nicke Lilltroll&#8221;.<\/p>\n<p>23. Titta Titta (Owe Th\u00f6rnqvist).<\/p>\n<p>24. Boxning: Europam\u00e4stare Ingemar Johansson knockar Henry Cooper -och nu planerar promotor Edvin Ahlqvist f\u00f6r de stora matcherna. Reporter: Lennart Hyland.<\/p>\n<p>25. Roslagsv\u00e5r (Alice Babs).<\/p>\n<p>26. Filmstj\u00e4rnan Anita Ekberg p\u00e5 ov\u00e4ntat Sverigebes\u00f6k.<\/p>\n<p>27. A Woman in Love (The Four Aces).<\/p>\n<p>28. Thore Ehrlings orkester uppl\u00f6ses.<\/p>\n<p>29. Zarah Leander i 50-\u00e5rsgala p\u00e5 Berns: &#8221;Jag har blivit mycket, mycket b\u00e4ttre nu p\u00e5 gamla dar&#8230;&#8221; Reporter: J\u00f6rgen Cederberg.<\/p>\n","protected":false},"excerpt":{"rendered":"<p>Unika inspelningar fr\u00e5n Sveriges Radios arkiv. Musik i original. Speltid: cirka 77 minuter. Presentat\u00f6rer: Kaj Karlholm &amp; Marika Rennerfelt. Ur inneh\u00e5llet: 1. \u00c5rets ljud kommer fr\u00e5n rymden. \u00c5ret i sammandrag. 2. Sovjet chockar v\u00e4rlden. Sputnik I kretsar runt jorden! 3. &hellip; <a class=\"more-link\" href=\"https:\/\/dxkop.sdxf.se\/?product=minnesboxen-1957\">L\u00e4s mer <span class=\"meta-nav\">&rarr;<\/span><\/a><\/p>\n","protected":false},"featured_media":99,"template":"","meta":[],"product_brand":[],"product_cat":[26,28],"product_tag":[],"class_list":{"0":"post-98","1":"product","2":"type-product","3":"status-publish","4":"has-post-thumbnail","6":"product_cat-skivor","7":"product_cat-minnesboxen-skivor","9":"first","10":"instock","11":"sale","12":"purchasable","13":"product-type-simple"},"jetpack_sharing_enabled":true,"_links":{"self":[{"href":"https:\/\/dxkop.sdxf.se\/index.php?rest_route=\/wp\/v2\/product\/98","targetHints":{"allow":["GET"]}}],"collection":[{"href":"https:\/\/dxkop.sdxf.se\/index.php?rest_route=\/wp\/v2\/product"}],"about":[{"href":"https:\/\/dxkop.sdxf.se\/index.php?rest_route=\/wp\/v2\/types\/product"}],"wp:featuredmedia":[{"embeddable":true,"href":"https:\/\/dxkop.sdxf.se\/index.php?rest_route=\/wp\/v2\/media\/99"}],"wp:attachment":[{"href":"https:\/\/dxkop.sdxf.se\/index.php?rest_route=%2Fwp%2Fv2%2Fmedia&parent=98"}],"wp:term":[{"taxonomy":"product_brand","embeddable":true,"href":"https:\/\/dxkop.sdxf.se\/index.php?rest_route=%2Fwp%2Fv2%2Fproduct_brand&post=98"},{"taxonomy":"product_cat","embeddable":true,"href":"https:\/\/dxkop.sdxf.se\/index.php?rest_route=%2Fwp%2Fv2%2Fproduct_cat&post=98"},{"taxonomy":"product_tag","embeddable":true,"href":"https:\/\/dxkop.sdxf.se\/index.php?rest_route=%2Fwp%2Fv2%2Fproduct_tag&post=98"}],"curies":[{"name":"wp","href":"https:\/\/api.w.org\/{rel}","templated":true}]}}